{"id":12,"date":"2019-07-11T17:42:14","date_gmt":"2019-07-11T15:42:14","guid":{"rendered":"http:\/\/claireschmittmoeglin-psy.fr\/?page_id=12"},"modified":"2019-09-16T18:53:22","modified_gmt":"2019-09-16T16:53:22","slug":"une-section-de-page-daccueil","status":"publish","type":"page","link":"https:\/\/claireschmittmoeglin-psy.fr\/?page_id=12","title":{"rendered":"Accompagnements propos\u00e9s"},"content":{"rendered":"<ul>\n<li>Consultation&nbsp;<\/li>\n<li>Accompagnement de l&rsquo;enfant<\/li>\n<li>Accompagnement familial et Guidance Parentale<\/li>\n<\/ul>\n<p><\/p>\n<ul>\n<li>Bilan psychologique et psychom\u00e9trique Enfant et Adolescent<\/li>\n<li>\u00c9valuation des Troubles du Neurod\u00e9veloppement&nbsp; &nbsp; &nbsp; <\/li>\n<\/ul>\n<p><\/p>\n<ul>\n<li>Rem\u00e9diation cognitive<\/li>\n<li>Accompagnement \u00e0 l&rsquo;inclusion scolaire <\/li>\n<\/ul>\n<p><\/p>\n<p>Un accompagnement pour les professionnels peut \u00eatre propos\u00e9 sous forme de soir\u00e9e th\u00e9matique, de formation ou d&rsquo;analyse des pratiques professionnelles.<\/p>\n\n\n<p><\/p>\n","protected":false},"excerpt":{"rendered":"<p>Consultation&nbsp; Accompagnement de l&rsquo;enfant Accompagnement familial et Guidance Parentale Bilan psychologique et psychom\u00e9trique Enfant et Adolescent \u00c9valuation des Troubles du Neurod\u00e9veloppement&nbsp; &nbsp; &nbsp; Rem\u00e9diation cognitive Accompagnement \u00e0 l&rsquo;inclusion scolaire Un accompagnement pour les professionnels peut \u00eatre propos\u00e9 sous forme de soir\u00e9e th\u00e9matique, de formation ou d&rsquo;analyse des pratiques professionnelles.<\/p>\n","protected":false},"author":1,"featured_media":164,"parent":0,"menu_order":0,"comment_status":"closed","ping_status":"closed","template":"","meta":{"footnotes":""},"class_list":["post-12","page","type-page","status-publish","has-post-thumbnail","hentry"],"_links":{"self":[{"href":"https:\/\/claireschmittmoeglin-psy.fr\/index.php?rest_route=\/wp\/v2\/pages\/12","targetHints":{"allow":["GET"]}}],"collection":[{"href":"https:\/\/claireschmittmoeglin-psy.fr\/index.php?rest_route=\/wp\/v2\/pages"}],"about":[{"href":"https:\/\/claireschmittmoeglin-psy.fr\/index.php?rest_route=\/wp\/v2\/types\/page"}],"author":[{"embeddable":true,"href":"https:\/\/claireschmittmoeglin-psy.fr\/index.php?rest_route=\/wp\/v2\/users\/1"}],"replies":[{"embeddable":true,"href":"https:\/\/claireschmittmoeglin-psy.fr\/index.php?rest_route=%2Fwp%2Fv2%2Fcomments&post=12"}],"version-history":[{"count":6,"href":"https:\/\/claireschmittmoeglin-psy.fr\/index.php?rest_route=\/wp\/v2\/pages\/12\/revisions"}],"predecessor-version":[{"id":166,"href":"https:\/\/claireschmittmoeglin-psy.fr\/index.php?rest_route=\/wp\/v2\/pages\/12\/revisions\/166"}],"wp:featuredmedia":[{"embeddable":true,"href":"https:\/\/claireschmittmoeglin-psy.fr\/index.php?rest_route=\/wp\/v2\/media\/164"}],"wp:attachment":[{"href":"https:\/\/claireschmittmoeglin-psy.fr\/index.php?rest_route=%2Fwp%2Fv2%2Fmedia&parent=12"}],"curies":[{"name":"wp","href":"https:\/\/api.w.org\/{rel}","templated":true}]}}